composite?
True
Suppose 19 = 3*d + 7. Suppose o = -d*o + l + 1054, l = -5*o + 1056. Is o a composite number?
False
Suppose -8*i + 2*i = -30. Suppose -5*g + 2*k = -0*k - 604, 4*g - i*k - 473 = 0. Is g a prime number?
False
Let k = 4021 + -2390. Is k composite?
True
Let t(o) = -1. Let h(d) = -13*d - 1. Let y(q) = h(q) - 6*t(q). Is y(-4) a prime number?
False
Let v(z) = -5*z + 9*z + 6*z. Let h be v(-1). Let t = h + 32. Is t a prime number?
False
Suppose -5*u + 7 = 2. Suppose -b + 5*b + 72 = 5*a, a = 5*b + 27. Is ((-15)/a)/(u/(-28)) prime?
False
Let u(z) = 15*z - 5. Let k be ((-12)/7)/(8/(-28)). Is u(k) composite?
True
Let r = -386 - -679. Is r a composite number?
False
Suppose 2*k - 78 = 2*c, -c = -6*c - 2*k - 230. Let d = 16 + c. Is 8/d - 270/(-14) a prime number?
True
Let x = -8 + 12. Suppose -2*n - 3*y = -5, y - x = -5*n + 2. Is 62/3 - n/(-3) composite?
True
Suppose 0 = -4*f + 304 + 44. Is f a composite number?
True
Let p(r) = r + 4. Let s be p(-3). Let u = s - -2. Suppose -2*v + 2*b + 40 = 4*b, 5*b = u*v - 100. Is v prime?
False
Let m = 968 - 339. Is m a prime number?
False
Let x(z) = -12*z - 2. Let a be x(-4). Let m = -33 + a. Is m prime?
True
Let b(l) = -458*l - 5. Is b(-2) composite?
False
Let r = -8 + 25. Let x = 7 - r. Let z = x - -69. Is z composite?
False
Suppose 4*q - 17 = 23. Suppose -3 - q = -v. Let o = v + -4. Is o composite?
True
Let d be (-2)/((-2)/(-575)) - -3. Is ((-3)/(-6))/((-2)/d) prime?
False
Let u(i) = i + 11. Is u(8) a prime number?
True
Let d(p) = -p**3 - p**2 - p + 6. Let m be d(0). Let w = 19 - m. Is w a composite number?
False
Suppose -4*h + 791 = i + 4*i, -2*i = -5*h + 1030. Suppose 2*q + 2*n - 65 = q, -h = -3*q + 3*n. Is q prime?
True
Let z(r) = -r**2 + 5*r - 3. Let g be z(-6). Let i = -20 + 22. Let p = i - g. Is p a prime number?
True
Is (3 + -987 + 2)/(2/(-7)) a prime number?
False
Let t(c) = 3*c**2 + 5 - 2*c**2 - 54*c + 52*c. Is t(4) a composite number?
False
Let s = -2 + 5. Let o(h) = -h**3 - 6 + 2*h**s + 3 - h**2. Is o(5) a prime number?
True
Let i(n) = n - 2. Let s be i(6). Let o(u) = u**3 - 3*u + 1. Is o(s) composite?
False
Let l be (-1 - -1 - 0) + 42. Suppose 0 = -2*s - 3*w + 167, 7*w = 2*w + 25. Let z = s - l. Is z a prime number?
False
Suppose -4 = 3*d - 1, p = 4*d + 309. Is p prime?
False
Suppose -4*w = -5*w + 31. Is w a composite number?
False
Suppose 0 = 14*s - 10935 - 4997. Is s prime?
False
Let a(y) = 61*y + 1. Let v be a(4). Suppose 5*g - 20 = v. Is g composite?
False
Suppose -3*x + 643 = -4328. Is x a prime number?
True
Let v = -83 + 117. Let g = 137 - 125. Let b = v - g. Is b a composite number?
True
Let y(w) = 26*w - 51. Is y(24) a composite number?
True
Let k(s) = 22*s**2 + 2*s - 1. Is k(1) prime?
True
Suppose -3*r = 4*s + 3, 4*s - 2*r = 3*r + 37. Let m be ((-6)/(-8))/(s/(-72)). Is (-4)/18 + (-184)/m prime?
False
Let p(d) = -17*d. Let m be p(-1). Let r(g) = 0 + 0 + m*g + 1. Is r(2) a composite number?
True
Let y(z) = -11*z**3 + z**2 + 4*z + 5. Is y(-3) composite?
True
Let p(o) = 4*o - 3. Let u = -13 - -22. Suppose -5*f + 2*f + u = 0. Is p(f) a composite number?
True
Suppose 2*y = p + 2, 2*y - 2*p + 5 = y. Suppose 7*m = y*m + 3*s + 211, 0 = -5*m + 4*s + 263. Is m a prime number?
False
Suppose 2*h = 5*j - 2408 - 1665, -5*h + 5 = 0. Is j prime?
False
Suppose -3*w = 2*t + 3*t + 102, 4*t + 83 = -w. Suppose -5*d = -d + 4. Is ((-1)/(-3))/(d/t) prime?
True
Let w(k) = -k. Let p(d) = -132*d - 7. Let c(y) = p(y) + 2*w(y). Is c(-3) a composite number?
True
Let o = -7116 - -12907. Is o a composite number?
False
Let n(r) = -r**3 - 8*r**2. Let k be n(-7). Let g be ((-1)/2)/((-2)/8). Let u = g - k. Is u prime?
False
Suppose -2*p - 8 = -2*x, 5*x - 11 = 3*p + 9. Suppose -5*j = -261 - x. Is j a composite number?
False
Let d be (4/8)/((-2)/(-20)). Suppose -d*g + 20 = -0. Is 261/4 + (-1)/g a prime number?
False
Let r(u) = -u**3 + 18*u**2 + 20*u - 8. Is r(13) a prime number?
True
Let o be (-1 - -2 - 3) + 4. Suppose 63 = o*v + 7. Let b = v + -7. Is b a prime number?
False
Let y be (-4)/(-14) - (-95)/35. Suppose 5*v - 5*f = 0, 0 = -2*v - y*f + 20 - 5. Is 3 - v*-11 - -3 a prime number?
False
Let m be 1 + 0/3 + 1. Let k(d) = -d + 0*d**m + 115 + 0*d + 0*d**2 + d**3. Is k(0) prime?
False
Let s = 308 - 177. Is s composite?
False
Let a(b) be the third derivative of b**5/15 - b**4/12 + b**3/3 + 3*b**2. Is a(2) a composite number?
True
Let b(q) be the first derivative of 1253*q**4/4 - q**2/2 + q + 5. Is b(1) a composite number?
True
Suppose 3*b = -48 + 9. Let g = 111 - 65. Let f = b + g. Is f a prime number?
False
Let g be (-1)/(0 + (-1)/3). Suppose 2*i + 4*p - 374 = 0, -g*p - 583 = -3*i + 2*p. Is i prime?
True
Suppose 2*j + 1 - 5 = 0. Let m = 252 + -104. Suppose -d + j = 0, -n + 4*n - m = -5*d. Is n a prime number?
False
Suppose 2 - 3 = -l. Let j = 2 + l. Is 82 + (j - 7) + 1 a prime number?
True
Suppose -2*w + 34 = -44. Suppose -w = -q + 16. Is q prime?
False
Let c be -4 + (-2 - (2 - 2)). Let z be (-2)/c*12/(-4). Let k(l) = -39*l**3 - l**2 + 1. Is k(z) prime?
False
Let m(v) = -11*v + 10. Let w(s) = s**2 + 11*s + 7. Let t be w(-9). Is m(t) a prime number?
True
Let m(f) = -15*f - 12. Is m(-9) composite?
True
Let x = 1068 - 341. Is x a prime number?
True
Suppose 2*l + 190 = 7*l. Suppose 0 = 3*a - 3*h - 165, 0 = 2*a + 4*h - 166 + l. Is a a composite number?
True
Suppose i - 6 = -i. Suppose -1099 = -i*f + 11. Suppose a - f = -a. Is a composite?
True
Let r be (-4)/(-10) + 39/15. Suppose 8*a - r*a = 630. Suppose 2*h = 128 + a. Is h a composite number?
False
Suppose -1454 - 2598 = -4*g + 4*s, -5*s + 3071 = 3*g. Let t = g + -610. Is t a prime number?
False
Suppose 0 = -m - 2*m + 12. Let u(s) = -1 - m + 3*s + 3*s. Is u(5) a composite number?
True
Suppose m + 13 = u, -4*u + 65 = -2*m + 17. Is u a composite number?
False
Is (-3*(-6)/(-27))/(4/(-15474)) a prime number?
True
Suppose 0*a + 14 = a + 5*z, -3*a - 3*z = 6. Is (-1798)/a - 14/21 a prime number?
False
Suppose 0 = -z + 5 + 1. Let h(o) = 7*o - 8. Is h(z) a prime number?
False
Suppose -3*d = 152 - 1871. Let f = 832 - d. Is f a prime number?
False
Let u(z) = -11*z - 7*z + 0 - 1. Let x be u(-1). Suppose 2*d = x - 5. Is d a prime number?
False
Let k(c) = c**3 + 6*c**2 + 4*c - 6. Let n be k(-5). Let t be (-1 - n)*(-1 + 0). Suppose 3*a = -t*m + 2*m - 191, 2*a + 370 = 4*m. Is m a prime number?
False
Let d(k) = 25*k + 7*k**2 - 2*k**2 - 23*k. Suppose 2*h = 5*v - 30, 4*h = -2*v + v - 16. Is d(h) prime?
False
Let z(i) = -i + 0*i + 1 - i. Is z(-6) composite?
False
Suppose -2 = x, -4*z + 14 = -z - 4*x. Let y(l) = 47*l - 3. Is y(z) composite?
True
Let u = 743 - 442. Is u composite?
True
Let w be (-8)/12*1143/1. Let q = w - -1343. Is q a composite number?
True
Suppose -2*i + 275 = 5*b, -2*i - 165 = -3*b + 2*i. Suppose -2*j = -j - b. Is j composite?
True
Let c(t) = -t**3 - 2*t**2 - 3*t - 2. Let z be c(-2). Suppose 483 = z*u - 329. Is u a prime number?
False
Let y(x) = -41*x - 15. Let z be y(-12). Suppose z = -4*g + 1969. Is g composite?
False
Suppose -7*b + 3*b = -228. Let a = b + -22. Is a a prime number?
False
Suppose -16 = -4*k - n, 3*k + 2 - 14 = 2*n. Suppose -2*r = k, -3*u = -3*r + 445 - 1948. Is u composite?
False
Let l be 193 + (-3)/(-4)*4. Suppose -2*q + l = 2*q. Is q composite?
True
Let g(l) = l**2. Let n be g(0). Let p = n + -10. Let a(y) = -3*y + 5. Is a(p) a composite number?
True
Let c = -5 - -4. Let r = c - -3. Suppose -r*h - 140 = -4*b, -3*b - 2*h = 2*b - 166. Is b a prime number?
False
Let f = 2004 + -986. Is f a composite number?
True
Let a be (10/(-3))/(4/12). Is 6/a - (-188)/5 a composite number?
False
Let r be ((-1)/(-3))/(3/(-9)). Is 2655/36 - r/4 a composite number?
True
Let q(h) = 24*h + 13. Let o be q(6). Suppose 0 = f - 66 - o. Is f composite?
False
Let h(k) = -k - 12. Let r be h(-13). Is -1*-526*r/2 a composite number?
False
Let i(q) = -q**2 + q + 191. Let d(z) = z - 1. Let c(k) = -6. Let l(p) = -c(p) + d(p). Let m be l(-5). Is i(m) a composite number?
False
Let a be (0 + 295)*(-7)/7. Let f = a - -506. Is f a composite number?
False
Let y(z) = -z**3 - 10*z**2 - 11*z - 12. Let b be y(-10). Let n = b + -31. Is n a composite number?
False
Let g = 2 - 9. Let p(w) = -7*w - 2. Is p(g) prime?
True
Is 234/13 - 3/1 a composite number?
True
Suppose 0*j - 395 = -2*w + 5*j, -4*j -